 d(v) = 5*v + 24. What are the prime factors of d(u)?
7, 17
Let m = 646 + -379. List the prime factors of m.
3, 89
Suppose 0*h = -h - 14. Let y = -14 - h. Suppose -22*x + 19*x + 141 = y. What are the prime factors of x?
47
Let w(m) = m**3 - 32*m**2 + 16*m - 334. List the prime factors of w(32).
2, 89
Let v(i) = 24*i - 100. What are the prime factors of v(49)?
2, 269
Let g = -29 - -30. Let t be 0/((-6*g)/2). Suppose 8*p - p - 175 = t. What are the prime factors of p?
5
Let i = 970 - -698. List the prime factors of i.
2, 3, 139
Suppose 17*a - 4*a + 923 = 0. Let y = a - -167. What are the prime factors of y?
2, 3
Let p(v) = v - 11. Let a be p(13). Suppose -4*x - 20 = -3*s, -a = -s - 4*x - 6. Suppose -q + 5 = 0, 3*o - s*o + 48 = q. What are the prime factors of o?
43
Suppose -1075 - 275 = -3*s + 3*c, c = 4*s - 1788. List the prime factors of s.
2, 223
Suppose -51 = -u + 557. What are the prime factors of u?
2, 19
Suppose -4*q = -2*d + 8 + 48, q + 28 = -3*d. What are the prime factors of 1724/16 + (-4)/q?
2, 3
Suppose -3*k = -28*k + 13400. What are the prime factors of k?
2, 67
Suppose -5*r = -0*r + 195. Let z(x) = x**2 + 7*x + 10. Let o be z(5). Let y = o + r. What are the prime factors of y?
31
Let q be (1 + 0)/3 - 44/6. Let d(r) = -r**3 - 6*r**2 + 7*r + 22. What are the prime factors of d(q)?
2, 11
Let s(c) = 2*c - 18. Suppose 262 = 4*w - 2*v, 0*w - 5*w + 324 = v. Suppose 2*f + 3*f - w = -u, -4*f + 3*u + 33 = 0. What are the prime factors of s(f)?
2, 3
What are the prime factors of (-33371)/(-52) + 3/(-4)?
641
Let i = 2399 + -1638. List the prime factors of i.
761
Suppose -3*v = -v - 106. What are the prime factors of v?
53
List the prime factors of ((-2)/(-1))/((-49)/(-4508)).
2, 23
Let l = 176 + 5. What are the prime factors of l?
181
Let d = 59 + 74. Suppose s - 8*s = -d. What are the prime factors of s?
19
Let x(v) = -v**3 + 5*v**2 + 11*v + 13. Let a be x(7). List the prime factors of (-44)/(1*4/a).
2, 11
Let y = -39 - -62. Suppose 2*h = c + 109, -c + y = 2*h - 92. What are the prime factors of h?
2, 7
Suppose 5*t + 2*l = 11684 + 7757, 4*l = t - 3897. List the prime factors of t.
3889
Let f be (-28)/(-10) + 3/15. Let n(o) = -38 + 34 + 0*o + 10*o. List the prime factors of n(f).
2, 13
Suppose 94 + 126 = 4*h. Suppose 3*v - h = -5*t - 6, -4*v + 52 = 5*t. Let m(p) = -p**3 + 9*p**2 - 2*p + 4. What are the prime factors of m(t)?
2, 13
Suppose -5*p = -37 + 27. Suppose -p*d + 5*w + 38 = -21, 5*w - 69 = -2*d. What are the prime factors of d?
2
Let d be (-772)/(-11) + (-2)/11. List the prime factors of (-2)/5 - (-3248)/d.
2, 23
Let p(k) = 412*k - 291. What are the prime factors of p(11)?
4241
What are the prime factors of (11 - (3021 - -1))/(-1)?
3011
Let k(w) = 3*w**2 + 13*w**2 - w**3 + 25 - 21 + 4*w**2 - 16*w. What are the prime factors of k(19)?
61
Let t = 117 - -3149. List the prime factors of t.
2, 23, 71
Let m(w) = -7*w - 3. List the prime factors of m(-11).
2, 37
Let v(o) = -o**3 + 10*o**2 + o - 2. Let i be -2*5*(-4 + 1 - -2). List the prime factors of v(i).
2
What are the prime factors of (-14763)/(-27) - (1 - 11/9)?
547
Let x = 0 + 4. Suppose -x*z + z + 12 = 0. Suppose 29 = d + 4*o - 2*o, -z*d = -o - 71. What are the prime factors of d?
19
Let c = 4915 + -1582. List the prime factors of c.
3, 11, 101
Let g = 3102 + -1842. What are the prime factors of g?
2, 3, 5, 7
Suppose -4*l = -4*s + 8, 4*l = -7*s + 3*s - 8. Suppose -7*c + 2*c = s. Suppose -k = 2*j - 6, -k + c*k - j = -10. What are the prime factors of k?
2, 7
Let g(i) = 2*i**3 - 15*i**2 + i + 14. Let f be g(10). List the prime factors of f/6*(-9)/(-6).
131
Let r = 161 + -126. Suppose 0 = -32*a + r*a - 159. What are the prime factors of a?
53
Suppose g + r - 453 = 0, -r = 6 - 1. Suppose 3*w - g = -2*w - 2*j, 3*w - 277 = j. What are the prime factors of w?
2, 23
List the prime factors of (-16610)/(-12) - (369/(-54) + 7).
2, 173
Let c = -503 - -619. List the prime factors of c.
2, 29
Let g = 9 + -6. Suppose 2*h + 4*f = 3*h, h - 1 = g*f. Suppose 3*d + 19 = v, 5*v = -h*d + 100 - 5. What are the prime factors of v?
19
Let m = 722 - 494. Suppose 2*i + 4*f - 126 = 0, -4*i = 3*f - 19 - m. List the prime factors of i.
61
Let t = -108 + 113. What are the prime factors of 1/(1/t)*(-17 + 64)?
5, 47
Let t be (-516)/(-8) + 3/(-2). Suppose 5*s - t = 52. List the prime factors of s.
23
Let v(j) = -2*j**3 + 16*j**2 - 5*j + 7. Let i be 2/(-1) - (9 - 18). List the prime factors of v(i).
2, 5, 7
Suppose -6*k - 7 + 1 = 0. Let m(s) = 4*s**2 + s. Let u be m(k). What are the prime factors of 21 - (u + -3 + 0)?
3, 7
Let s(t) = 44*t + 591. List the prime factors of s(24).
3, 61
Let x be 1 - 1 - (-2 - 14). Let q = x + -14. Suppose q*t + 6 = g, 0 = -4*g - 4*t + 12. What are the prime factors of g?
2
Let k(w) = 2*w**2 - 5*w + 4. Let g be k(4). Suppose d + 2*r + g = 6*r, -4*d = 5*r - 20. Suppose -5*i = -d*i - 110. What are the prime factors of i?
2, 11
Suppose -30*k = 4290 - 90900. List the prime factors of k.
2887
Let q = -138 + 231. Suppose 3*b - q = 2*b - 5*n, -2*n = b - 78. What are the prime factors of b?
2, 17
Let t(d) = -d**3 - 28*d**2 - 48*d + 6. Let v be t(-26). Let i = 166 - v. List the prime factors of i.
2, 3, 11
Let b(s) = -89*s**3 + s**2 - 3*s + 18. List the prime factors of b(-3).
3, 271
Suppose 10*j - 9284 = -12*j. List the prime factors of j.
2, 211
Let a(g) = -g**2 + 7*g - 6. Let i be a(4). Let p(l) = 2 - i*l - 4 - 6*l**2 + 10*l**2 + l. List the prime factors of p(-3).
7
What are the prime factors of (((-42)/8)/7)/((-2)/8104)?
3, 1013
Let o(c) = 7*c**2 - 26*c + 29. Let d(f) = 15*f**2 - 52*f + 58. Let p(w) = 6*d(w) - 13*o(w). What are the prime factors of p(17)?
2, 31
Suppose -14*z + 12*z = -10. Suppose 4*f + 72 = 2*i, 7 = -z*f + 2. List the prime factors of i.
2, 17
Let d(t) = -t**2 - 2*t + 2. Let u be d(0). Suppose z + 4 = -z, -u*s + 4*z + 254 = 0. What are the prime factors of s?
3, 41
Let f(w) = w**2 - 5*w + 3. Let q be f(5). Let s(m) = 7*m**2 + 15*m**q + 9 - 14*m**3 - 3*m + 0*m + m. List the prime factors of s(-7).
23
Let c(h) = -h - 10. Let y be c(-10). Let s(a) = a**2 - 2*a + 40. List the prime factors of s(y).
2, 5
Let p = 13 - 14. Let l be -17 + (-3 - -3)/(-4). List the prime factors of -1 - p - (l - -4).
13
Let f = 2681 + -1407. What are the prime factors of f?
2, 7, 13
What are the prime factors of (2 + -1)/(162/94284)?
2, 3, 97
Let j(c) = -c - 2. Let g be j(-9). Let k = 7 - g. Suppose -34 = -k*y - y. What are the prime factors of y?
2, 17
Suppose -3*y + 909 = 297. List the prime factors of y.
2, 3, 17
Suppose -9*g - 2*w = -8*g - 52, -g = -5*w - 73. Let a be (14/3)/((-2)/15). Let r = g + a. List the prime factors of r.
23
Let y(x) = 5*x**2 + 3*x - 50. List the prime factors of y(10).
2, 3, 5
Suppose -1 + 1 = -m. Suppose m = 8*f - 210 - 214. What are the prime factors of f?
53
Let k = 3923 - 1086. What are the prime factors of k?
2837
Suppose 0 = -2*a - 4*p + 210, 2*a + 2*p = 6*a - 400. Suppose -7*j + d = -3*j - 86, -2*d = 5*j - a. List the prime factors of j.
3, 7
Let z(y) = y + 21. Let j be z(-17). Suppose j*t + 2*s = 90, -5*t - 5*s + 128 - 28 = 0. What are the prime factors of t?
5
Let b(c) = c**3 + 7*c**2 - 11 - 12 + 8*c + 29. List the prime factors of b(-4).
2, 11
Let z(m) = -19*m**3 + m**2 + m. Suppose 3*x = 3*c - 3, 5 = -2*c + 5*x + 13. Let b be 8/32*4*c. List the prime factors of z(b).
19
Let o(i) = -i - 1. Let x(t) = 4*t - 6. Let h(v) = -4*o(v) + x(v). Let n(p) = -p. Let c be n(-3). List the prime factors of h(c).
2, 11
Let f = -74 + 120. Let h be f/(7/((-14)/4)). Let s = 50 + h. List the prime factors of s.
3
Let j(d) = d**2 - 4*d - 2 + 0*d**2 + 10*d**2 + 8*d**2. List the prime factors of j(2).
2, 3, 11
Let x(f) = 15*f**2 - 23*f - 140. What are the prime factors of x(-6)?
2, 269
Suppose 2*g - 3450 = -4*c - 1136, 0 = 4*c - 16. List the prime factors of g.
3, 383
Let d(c) = c**3 - 9*c**2 + 6*c - 8. List the prime factors of d(9).
2, 23
Suppose -38*c + 355 = -253. Let v be (1 + 9/(-2))*2. Let j = c + v. What are the prime factors of j?
3
What are the prime factors of (1301 + 21)/(0 + 2)?
661
Let p(i) be the third derivative of i**5/60 + i**4/12 - 5*i**2. Let o be p(-2). Let b(x) = x**2 - x + 25. List the prime factors of b(o).
5
Suppose -2*q + 4*u = -32, 0*u + u - 17 = -2*q. Suppo